, -5*v - 5*l = 10. Suppose -v*f + 4*f - 1187 = -2*g, 2*f - 2384 = g. Is f composite?
True
Suppose 104*g - 4363459 - 1031749 = 0. Is g a composite number?
True
Suppose -4*w = -3*r + 10, w - 6 - 1 = -4*r. Let b be -27*1/(-6) - r/4. Suppose -430 = -x - b*x. Is x composite?
True
Suppose -4*l - 9*p + 14*p = -3351069, 2*l = -4*p + 1675502. Is l prime?
False
Let m = 140857 + -14508. Is m composite?
False
Let o(b) = b**3 + 44*b**2 - 42*b + 135. Let i be o(-45). Suppose -301*w + 302*w - 13859 = i. Is w composite?
False
Is (1/((-3)/(-37)))/((-73)/(-54969)) a composite number?
True
Let z(f) = -24161*f + 1393. Is z(-6) prime?
True
Let d = 97 + -240. Let t = d + 145. Suppose t*i = 381 + 209. Is i a composite number?
True
Let x = -330 - -226. Let f = x + 173. Is f a composite number?
True
Let d = -498 - -509. Suppose 0 = d*r - 46084 - 323505. Is r a composite number?
False
Let z be (-4)/4*(2 + 15850)*-1. Suppose 2*p = 3*g + 15347, -3*g + 14815 + z = 4*p. Is p composite?
False
Let n(h) = 3*h**3 - h**2 + 2*h + 1. Let v be n(2). Suppose 0 = -j - 4*d + v, -2*d = -9 + 3. Suppose -j*o + 2300 = -4889. Is o a composite number?
True
Let o(w) be the first derivative of -3*w**4/4 - w**3/3 + 7*w**2/2 - 8*w + 13. Let a be o(3). Let k = 90 + a. Is k a prime number?
True
Suppose -5*t = -8*t + 207036 + 193407. Is t a composite number?
False
Let g(r) = 6*r + 14 + 0*r**2 + 16*r - 2*r**2 - 4*r. Let m be g(10). Let t(h) = -4*h + 31. Is t(m) composite?
True
Let b = 60 + -50. Suppose 12 = b*d - 4*d. Suppose 0 = 3*t + 6, d*z + t = 4*z - 3468. Is z a prime number?
True
Let k = 44383 - -3768. Is k a composite number?
True
Suppose r - 10*r = -135. Let t(g) = -7 - r - g**2 + 30 - 20*g**3 - 4*g - 14. Is t(-2) composite?
True
Let f = -1375384 + 2922603. Is f a prime number?
False
Let h = 11 - 8. Let v be (-3 - (1 + 4))/(-4). Suppose v*d = 3*a - 0*a - 857, h*d = -a + 304. Is a a composite number?
True
Let m(g) = -6*g - 20. Let d be m(-4). Suppose -4*k + 130159 = -0*k + f, 0 = d*k + 5*f - 130171. Is k prime?
False
Suppose -1 = n, -10*z + 12*z + 3*n = 25. Suppose z*w = -536 + 1614. Is w prime?
False
Let c(z) = -6*z**2 + 3*z**2 - z + 1 - 3 - 45*z**3. Let v(f) = -f**2 + 6*f - 3. Let j be v(6). Is c(j) a prime number?
False
Let m(q) be the first derivative of -q**4/4 - 2*q**3 - 5*q**2/2 - q - 1. Let o be (-94)/13 + (-219)/(-949). Is m(o) a composite number?
False
Suppose -5*o + 9*c - 5*c + 5579 = 0, -2*o + 2192 = 5*c. Is o prime?
False
Is 54 - 71 - 724776/(-2) prime?
True
Let n(s) = 3757*s - 462. Is n(25) composite?
False
Is (-174)/522*((-3)/(-2))/(4/(-248104)) a prime number?
True
Is ((-262)/(-393))/(6/541881) a prime number?
True
Let q(l) = -19 - 2*l**3 - 2*l + l**3 + 17*l - 10*l**2. Suppose -19*c = -32*c - 169. Is q(c) prime?
True
Let q(p) = -1460*p**3 - 9*p**2 - 4*p + 4. Let u be q(-1). Suppose -5*a + 2*a = -1824. Let w = u - a. Is w composite?
True
Is 17 + 574 - 24/6 prime?
True
Let t(n) = 9004*n - 37. Is t(6) prime?
True
Suppose -2719*w + 4107757 = -2660*w. Is w prime?
True
Suppose 4*o + 6*o = 5540. Suppose k = 3*k + o. Let z = 834 + k. Is z composite?
False
Let h(j) = 3*j + 21. Let t(z) = -7*z - 42. Let l(w) = 5*h(w) + 2*t(w). Let r be l(-21). Suppose r = 3*k - 3*g - 1798 - 218, k - 669 = 4*g. Is k prime?
True
Let a(q) = 16*q**3 - 3*q**2 - 119*q - 7. Is a(10) a composite number?
False
Suppose -3*u - 43 = -199. Let j = 51 - u. Let f(z) = -357*z + 2. Is f(j) a composite number?
False
Let r = 192 + -192. Suppose 16*d + 18*d - 46274 = r. Is d prime?
True
Suppose 6*z - 3*z - 828 = 0. Suppose -2*t + 6*t + z = 0. Is t/(-115) - 6664/(-10) prime?
False
Let z(p) be the second derivative of 5*p**4/12 + 13*p**3/2 + 13*p**2/2 - 58*p. Is z(-16) prime?
False
Let i = -55 - -76. Suppose 15*t - 8*t - i = 0. Suppose t*b = 3*n + 225, 2*b - 142 = 2*n + 2*n. Is b a prime number?
True
Suppose 5*g - 124788 = -a, 82*a - 80*a - 249585 = -g. Is a a composite number?
False
Let g(l) = l**2 + 13*l + 5. Let i = 45 + -58. Let j be g(i). Suppose -3*p + 4*s + 827 = 0, -4*s + 870 = j*p - 455. Is p a composite number?
False
Let r(c) = -174*c + 7. Let v(k) = 175*k - 7. Let i(w) = 6*r(w) + 7*v(w). Let o be i(2). Let u = o + -246. Is u a composite number?
False
Is 3/(-4) + (-4549547)/(-4) + 0 + -13 a composite number?
True
Let q(w) = 15531*w**2 - 260*w - 10. Is q(3) prime?
False
Suppose 2*h + 2*f = 168862, 8*h + 422155 = 13*h + 4*f. Is h a composite number?
False
Let f = 23 + 291. Let z(s) = -8*s**2 + 3*s + 4. Let h be z(-3). Let a = h + f. Is a a composite number?
True
Let g be (-45)/6*1164/9. Let i be (-18 - g) + (1 - 1). Suppose -3*k = -575 - i. Is k a prime number?
True
Let k = -176 - -90. Let p = k - -86. Is 100/25*((-877)/(-4) + p) a prime number?
True
Let b be (3 + 1 - 0) + -2. Suppose b*t = 3*o - 419, 2*t + t - 2*o = -621. Let v = t - -384. Is v prime?
True
Let r(c) = -c**3 + 11*c**2 + 11*c + 17. Let k be r(12). Suppose k*p = 5*j + 1280, 0*j + 2*j = -10. Is p a composite number?
False
Let b = -113 - -115. Suppose b*x = -10*x. Suppose -8*f + q + 1950 = -5*f, x = -5*f + q + 3248. Is f a prime number?
False
Suppose 5*m - 839012 - 854283 = 3*t, 2*t = 3*m - 1015977. Is m a prime number?
True
Let t be (-4)/(-2 - -4)*-1. Suppose t*u + 0 = -2. Is 21/(12/(-8)*u) prime?
False
Let v = -159211 + 280022. Is v a prime number?
True
Let t(q) = q**3 - q**2 - 38*q + 21911. Is t(0) a prime number?
True
Let v(f) = 8*f + 303*f**2 + 5 - 299*f**2 - 2189*f**3 - 2*f. Is v(-2) a prime number?
False
Let c = -5545 - -3776. Let w = c - -2506. Is w a prime number?
False
Suppose 15*v + 5477496 = 16*v + 23*v. Is v a prime number?
False
Let n = -2567 + 1579. Let a = 4791 - n. Is a prime?
True
Let f(u) = 763*u - 3251. Is f(22) a composite number?
True
Let k be (-663)/(-26) - 1/2. Let l(x) = 46 + k - 25 - 3 + 174*x. Is l(6) prime?
True
Let z(t) = -2*t**3 + 175*t**2 - 139*t - 135. Is z(83) prime?
True
Let d(s) = -131*s**3 - 3*s**2 + 14*s + 6. Let f be d(-5). Suppose 2*a - 3*u - 3685 - 4435 = 0, -5*u = -4*a + f. Is a composite?
True
Suppose -16108 + 793 = 15*t. Let j = t + 2120. Is j composite?
True
Let c = 9626 - 4623. Is c a prime number?
True
Suppose -5*s + 2800 = -0*s. Suppose 2*g + 611 = -4*i + 229, -3*i + 618 = -3*g. Let u = s + g. Is u a prime number?
True
Suppose n - 436 = 3*k - 3*n, 0 = -5*n - 10. Let q = 263 + k. Is q a prime number?
False
Let y = -1036077 + 1565098. Is y a composite number?
True
Is (495780/(-8))/(6/(-8)) - (-115 + 118) a prime number?
False
Suppose 3*y + 3*i = 1059, -6*i + i = 3*y - 1049. Let q = y + -227. Is q a prime number?
True
Suppose -64050054 - 68367031 = -205*w. Is w composite?
False
Suppose o = -5*l + 62213, 10*o = -15*l + 12*l + 622036. Is o prime?
False
Suppose 0 = 2*q - 3*q, -5*s - 3*q = -40. Is s - (-6725 - 0/(-5)) composite?
False
Let r(u) = u**3 + u**2 - 7*u + 6. Let q(v) = 4*v - 21. Let a be q(7). Let i be r(a). Suppose 3*n - i = -y - 132, 4*n = -4*y + 852. Is y a composite number?
False
Suppose -8*r + 11*r = -3*h + 4992, 5*h + 4*r = 8317. Suppose -3*w + h = -682. Is w composite?
True
Let p be -2955*((-84)/12 + 2 + 2). Suppose 0 = 3*j + 3*x - p, -3480 = 4*j - 3*x - 15286. Is j a prime number?
True
Let q(l) = 6*l**2 + 17*l + 24. Let k(a) = a**3 - 2*a**2 + 9*a - 9. Let z be k(5). Let n = z - 118. Is q(n) composite?
False
Let x(f) be the first derivative of 199*f**3/3 - f**2 + 9*f + 12. Let v be x(-4). Suppose -v = -5*d + 2*d. Is d composite?
True
Let m be 348/60 + 1/(1 + 4). Let f be (1 + -1)/((-28)/(-7) - m). Suppose f = -b + 9 + 205. Is b composite?
True
Suppose 89 + 465 = k. Suppose c - 1083 - k = 0. Is c composite?
False
Let h = 25849 + 44758. Is h prime?
True
Suppose -9*q + 13*q - 33 = 5*u, q + 18 = -4*u. Suppose -4*r = -5*s + 15885, 0*r - 6337 = -q*s + 5*r. Is s prime?
True
Suppose -3*i = -i - 8. Suppose -4*z = -3*n - 183, -z = i*n + 9 - 31. Suppose 35*v + 2569 = z*v. Is v a prime number?
True
Let q(u) be the second derivative of 17*u**4/12 - 4*u**3/3 + 4*u**2 - 27*u. Suppose -2*w - 10 = 12. Is q(w) a composite number?
False
Suppose 9 = 8*n + 49. Is 1617 + 21 + 1*n composite?
True
Let n(s) = 7*s**3 + 10*s**2 - 8*s + 164. Is n(9) a composite number?
True
Suppose -10*x + 16*x - 288 = 0. Suppose x*k = 51*k - 1173. Is k prime?
False
Let k = 53 + 428168. Is k prime?
True
Is 4085964/20 - (80/25 + -4) a pr